 + 0 + 17 + -1.
6
What is the value of 0 + -3 + -5 - (-13 + 5)?
0
2 + 3 + -3 + 2 - 7
-3
26 - 27 - ((0 - 3) + -1)
3
What is the value of (-2 - -5) + -9 + 1?
-5
Evaluate (24 - 12 - 19) + -1.
-8
Calculate 2 - (-5 + 8 + -9 + 2).
6
What is (6 - 1) + (2 - 4) - 7?
-4
What is 18 + -16 + (-1 - -3) + -1?
3
Evaluate 3 + (-3 + 11 - 13).
-2
What is -2 + 10 - (1 + 3)?
4
What is the value of -1 + 5 + (19 - 19)?
4
Calculate -5 + (-1 + 12 - 9).
-3
4 + 3 - (1 - -2 - 0)
4
What is -2 - (-7 + (-3 - -5))?
3
Evaluate -7 - (-2 - -2) - -5.
-2
Calculate -5 - (-13 - (-2 - -2) - -5).
3
What is the value of 3 + (-6 + 7 - 2) + 2?
4
Evaluate 4 + (-4 - 1 - -3).
2
Calculate (1 - -4) + (-59 - -51).
-3
Calculate -14 + 19 + -7 + 0 + 2.
0
Evaluate 3 - 1 - (45 + -42).
-1
6 + -1 + (-20 - -12)
-3
2 - 6 - (0 - 13) - 6
3
6 - (-1 + -8 - -9)
6
Calculate -1 + -8 + 8 - (-1 - 7).
7
Calculate 4 - (4 + 0 + 1 + -1).
0
What is (-1 - 3 - -1) + 0?
-3
Calculate (-2 - -2) + (6 - (-6 - -5)).
7
Calculate -8 + (12 - 10) - -1.
-5
What is 4 - (0 - 0) - (-3 - -12)?
-5
(0 - (2 + -2)) + (-18 - -19)
1
6 + -7 + (3 - 2)
0
Evaluate -10 + (10 + -7 - -4) - 5.
-8
Evaluate -1 + 2 - (-1 + 3 - 3).
2
What is the value of -10 + 5 + 6 + 1 + 2?
4
What is the value of -8 - (-6 + 5 + -3 - 1)?
-3
What is the value of (1 - 0) + 1 + -4?
-2
Calculate (5 - 5) + -1 - -1.
0
7 + 11 + (-8 - 2)
8
What is 1 - (-3 - -3) - (-6 + 10)?
-3
What is 1 - (5 - 1 - (11 + -10))?
-2
(-1 + 1 - (-3 - -14)) + 6
-5
Evaluate 2 + (0 + 7 - 4) + 0.
5
What is (3 - -2) + (-6 - (8 - 2))?
-7
Evaluate (0 - 0 - -2) + 1 + -1.
2
Evaluate -1 - (6 - (1 + 1)).
-5
Evaluate -2 + -5 + (-4 - (-2 + -10)).
1
Calculate (14 - 18) + (-4 - -4).
-4
What is -41 + 42 + 0 + 1?
2
(8 + (3 - 7) - 7) + 2
-1
What is 5 - (2 - 2 - 0)?
5
What is (-33 - -43) + (-5 - 3)?
2
What is -4 + 2 + -8 - -5?
-5
What is the value of -5 - (-4 + (-10 - -6) + -1)?
4
(2 - (1 - 3)) + 2 + -2
4
Evaluate 7 + -19 - (5 - 19).
2
Calculate (5 - (-3 + 6)) + -3.
-1
Evaluate 6 + 1 + (4 - 10) - 0.
1
Evaluate -4 + 3 + (39 - 31).
7
What is the value of (0 - 8) + 4 + 0?
-4
What is (-1 + 9 - 0 - 0) + -4?
4
What is (-4 + 5 - 1) + -4 + 2?
-2
Calculate -5 + (-49 - -50) + (0 - -13).
9
-6 - (-18 - (-2 - (9 - 6)))
7
What is the value of 5 + -9 + -3 + 3 + 4?
0
Calculate 2 + 0 + -7 + 1 + -1.
-5
Evaluate 10 - (1 + 6 - 1).
4
13 + (-16 - -6) + -8
-5
What is the value of (1 - -1) + -8 + 21 + -21?
-6
What is the value of -2 + 18 - (20 + -12) - 3?
5
Calculate (-2 + (7 - 2) - 1) + 2.
4
Calculate 0 - 0 - 3 - -2.
-1
-7 + -5 + 8 + 2
-2
Evaluate (-3 - -2) + (0 - 2).
-3
What is -2 + 1 + -2 - (-15 + 17)?
-5
Evaluate 2 + (-4 - -6) - 5.
-1
Evaluate -6 - (0 + 1 + 3 + -7).
-3
What is the value of 58 - 58 - (2 + -1 + 0)?
-1
What is (-3 - -2) + 8 - (-1 - -3)?
5
What is the value of 5 - (4 + -6 + (-5 - -12))?
0
What is the value of 2 + 3 + (0 - (-1 + 3))?
3
Calculate 0 - (0 + (3 - 4)).
1
What is the value of (-1 - -2 - 3) + 6 + -4?
0
Evaluate 16 + -11 + -5 + (-3 - -11).
8
0 - (-3 - -3) - (-15 + 14)
1
Calculate 6 + -2 + (-11 - (-4 + -1)).
-2
Calculate 1 - (0 - 0 - 3).
4
Evaluate -1 - -3 - (-99 + 102).
-1
Calculate -4 - (-11 - -3 - -3).
1
-9 - 11 - -6 - -10
-4
Evaluate 0 + (8 - -1) + -2.
7
Evaluate (2 - (6 + -2 + -2)) + 2.
2
Calculate 0 + 0 + -3 + 0 - -5.
2
What is 4 - (0 + (-4 - (1 - 11)))?
-2
2 + 2 + -1 - 2 - -3
4
Calculate 22 + -18 + (-2 - -2).
4
Calculate 28 + -31 + (0 - 1).
-4
What is 13 + -15 + (1 + -2 - -2)?
-1
What is -3 + (-2 - (3 - 8)) + 6?
6
What is (-42 - -42) + -1 + 2 + -2?
-1
(-179 - -177) + (0 - 2) + 1
-3
-4 - (4 - 4 - 0) - 0
-4
Evaluate (13 - 7) + 5 - 7.
4
What is 3 + (-9 - -12) + 0?
6
Calculate -5 - (1 + (1 - (2 + 6))).
1
What is -4 + (0 + 6 - 3 - 2)?
-3
Evaluate (5 + -4 - -2) + 1 - 5.
-1
What is -6 - (-9 + -1) - (-2 + 11)?
-5
What is -1 + -3 + 1 + 4?
1
What is 6 + 6 + -20 + 3 + -1?
-6
(14 - 19 - (-4 - -1)) + 1
-1
What is -4 + 2 + 1 + 4 - -3?
6
Evaluate (-5 - (5 - 11)) + 2.
3
Calculate (-1 - -3) + (11 - (-4 + 24)).
-7
What is the value of -16 - -8 - (-4 - 0)?
-4
-28 - -32 - (9 + (1 - -1))
-7
7 - (-7 + (-4 - -21 - 3))
0
Calculate -1 + (-11 - -8) + 1 + -1.
-4
What is the value of 1 - -1 - (-20 - -22)?
0
What is (3 - (5 - -2) - -2) + 3?
1
-6 + 11 + -9 + 0
-4
Evaluate 1 + (-4 - -2) + 0 - -4.
3
What is (0 - 1) + (2 - 3)?
-2
What is (-1 - 0) + (0 - 4)?
-5
0 - (4 - (-3 - -6))
-1
Calculate (1 - 0) + -5 + 3.
-1
(4 + -1 - 0) + (26 - 23)
6
What is 1 - (1 + 3) - 1?
-4
What is the value of 12 + -19 - (1 + -9)?
1
Evaluate (-2 - 2) + 7 - 4.
-1
What is the value of 2 - (7 - 11 - (-1 - 5))?
0
-2 + (1 - -1 - 0)
0
What is -1 + (7 - (10 + -1))?
-3
Calculate -7 - (-1 + -2 + -3).
-1
-2 + -7 + 4 - -4
-1
Calculate (7 - (0 + 1)) + (-51 - -46).
1
Calculate -5 + -4 + -8 + (16 - 5).
-6
(1 + 3 - (-16 + 22)) + -4
-6
Evaluate 11 + (-1 - 3) + -6.
1
Calculate (-7 - 1) + (-1 - -7).
-2
What is the value of -8 - -3 - (1 - -2 - 0)?
-8
Calculate (6 - -3) + -9 + 2.
2
-16 + -1 + -20 + 33
-4
What is (8 + -7 - -1) + 5?
7
What is 1 + -7 + (-37 - -47)?
4
Evaluate -2 - (8 + -3 + -5).
-2
Calculate 0 + 1 + (-22 - -10) + 16.
5
-2 + -4 + (9 + -6 - 2)
-5
Evaluate 3 + 1 + (-13 + 2 - -4).
-3
What is (-2 - -2) + -18 + 25?
7
Calculate 4 - (1 + 3 - -2 - 8).
6
Calculate (7 - 19) + 5 - (0 + -3).
-4
What is 0 + 4 + -1 - 6?
-3
What is the value of 14 + -14 + (-3 - 0 - 7)?
-10
What is 2 + -9 - (-8 + 8) - 0?
-7
Evaluate -2 + (2 - 0) + 2.
2
What is 2 + -4 + (-46 - -45)?
-3
Calculate -7 - (2 + -2) - -6.
-1
-1 - ((0 - 1) + 19 + -19)
0
What is the value of -2 - (4 - (8 - 3))?
-1
Calculate 5 + (-2 + -3 - -3).
3
What is (-5 - -2) + 8 + -9 - -1?
-3
What is 5 + -5 - 7 - (-5 - 0)?
-2
-6 + 5 + -2 + (-8 - -9)
-2
What is the value of (-1 - 2) + -10 + 11 + 4?
2
What is (-5 - -1) + (0 - (-8 + 2))?
2
What is the value of -8 + (-6 - -9) + (2 - -3)?
0
Evaluate 57 + -56 - (-8 - -1).
8
What is 11 - (3 - 9 - -16)?
1
What is -20 - -19 - (2 + -6)?
3
Calculate 1 - (4 - 0 - 2).
-1
-2 - (0 - (-4 + 2))
-4
-1 + -2 + 5 + -1 + -8
-7
What is -13 - (1 - 7 - 4)?
-3
What is the value of 1 + 1 - (-1 - (-6 + 5))?
2
2 - (9 + -4 + 0)
-3
Evaluate 4 + 5 - (-1 + (-2 - -3)).
9
Evaluate -3 + (-3 + -4 + 4 - -3).
-3
4 - (3 - (-3 - -1))
-1
Evaluate 3 - ((15 - 6) + -5).
-1
Calculate 113 - 104 - (3 + -1).
7
4 - (-2 + -3 - -5)
4
What is the value of 1 + -4 - (1 + 1 - 2)?
-3
What is the value of (8 - 17 - -7) + 1?
-1
Calculate -5 - 3 - (4 - 16).
4
What is -1 - (7 - 10) - 6?
-4
46 - 54 - (0 - 1)
-7
Calculate -2 + 7 - (34 - 27).
-2
What is the value of 9 - (-4 - -2) - 12?
-1
What is 7 - (-8 - (-10 - 2))?
3
What is the value of 6 + -12 + 1 + 12?
7
0 + 0 + -3 + -1 + 7
3
6 + (5 - 5 - 3)
3
What is 2 - (-2 - ((5 - 2) + -2))?
5
Evaluate 5 - (0 + (8 - 4)) - -3.
4
Evaluate -11 - -6 - (-4 + 0 + 2).
-3
Calculate (-7 - 0) + -97 + 108.
4
Evaluate -2 - (9 + -9 - 5).
3
Calculate (-3 - -10 - 4 - 2) + -1.
0
-7 + 5 + (4 - 5)
-3
Calculate (-13 - 2 - 0) + 7.
-8
1 - (0 - (0 - (-3 + 5)))
-1
What is the value of (5 + -10 - -3) + -1?
-3
Evaluate -16 - 0 - (14 - (-6 + 27)).
-9
-13 - (-6 - ((6 - 3) + -1))
-5
What is the value of -2 + 2 + (5 - 9)?
-4
-6 - -2 - (-6 - (-10 + 5))
-3
Calculate 5 + -24 + 19 + -7 + -1.
-8
Evaluate 11 - (5 - (8 - 8)).
6
Calculate 17 + -22 - (-2 - -1).
-4
Calculate -1 + (-5 - 0 - -3).
-3
(-3 - -8) + -9 - (1 + -2)
-3
What is -1 + 2 - (-74 - -72)?
3
Evaluate (-4 - -8 - 6) + 6 + -9.
-5
What is the value of 3 + -6 + 2 + 3 - 4?
-2
7 + (3 - (8 - 4) - -1)
7
Calculate -1 - (6 - 1) - -11.
5
Evaluate -19 + 21 + (1 - 8).
-5
Calculate (7 - (-9 + 12)) + 5.
9
7 - 2 - ((4 - 2) + 1)
2
Calculate -19 - -24 - (0 + 5).
0
Evaluate 10 + -5 - 12 - -6.
-1
What is -4 - -7 - (2 - -2)?
-1
Evaluate (5 - 3) + 12 + -1 - 7.
6
-10 - -10 - (-7 - -15)
-8
What is (3 + 0 - (-3 + 4)) + -1?
1
Calculate (1 - (9 - 3)) + (5 - -6).
6
Calculate 5 + -2 + 1 + -2.
2
What is the value of (-4 - -8) + 0 + -3?
1
Calculate -4 + (-4 - -4) + 4 + -4.
-4
Calculate (-3 - -8) + -2 + 8 + -1.
10
Calculate (3 - (-1 + 1)) + -3 + -2.
-2
(-7 - (24 + -47)) + (-7 - -1)
10
What is (2 - 0) + -1 + -2 + -4?
-5
Calculate 10 + -1 + (-3 - 2) + -4.
0
What is -2 + 2 - 0 - (1 - 2)?
1
What is (0 - (-11 - -3)) + -10?
-2
16 - (2 + 2 + (-3 - -5))
10
What is the value of -3 - (1 + 3) - -4?
-3
(1 - 7) + (138 - 126)
6
Evaluate -26 + 30 - (-1 + 4).
1
Calculate 16 + -4 + (-11 - -3).
4
Evaluate ((-1 - 4) + 3 - 2) + -